{"id":17,"date":"2023-11-09T22:37:38","date_gmt":"2023-11-09T22:37:38","guid":{"rendered":"https:\/\/www.framepower.fi\/?page_id=17"},"modified":"2023-11-10T11:14:41","modified_gmt":"2023-11-10T11:14:41","slug":"neljan-kaveruksen-ideat-tuotteiksi","status":"publish","type":"page","link":"https:\/\/www.framepower.fi\/index.php\/neljan-kaveruksen-ideat-tuotteiksi\/","title":{"rendered":"Nelj\u00e4n kaveruksen ideat tuotteiksi"},"content":{"rendered":"\n<p>Vuosi sitten nelj\u00e4 kaverusta p\u00e4\u00e4ttiv\u00e4t toteuttaa jotain, joka mullistaa maailmaa energiaratkaisuiden saralla.<\/p>\n\n\n\n<p>N\u00e4in syntyi Frame Power Oy. <\/p>\n\n\n\n<p>Kokemusta meilt\u00e4 l\u00f6ytyy jokaiselta vuosikymmenien ajalta s\u00e4hk\u00f6- ja automaatioteknologioista, kylm\u00e4-\/kuumaprosesseista, tietoliikenteest\u00e4 ja tietoturvasta. Ollaan suunniteltu, johdettu projekteja, toteutettu ratkaisuita, oltu asiantuntijoita. Ollaan kierretty maailmaa, n\u00e4hty erilaisia toimintaymp\u00e4rist\u00f6j\u00e4, opittu toimimaan ymp\u00e4rist\u00f6iss\u00e4 kuin ymp\u00e4rist\u00f6iss\u00e4.<\/p>\n\n\n\n<p>Pitk\u00e4n ajan pohdintojen ja mietint\u00f6jen j\u00e4lkeen oli aika ryhty\u00e4 muuttaamaan ideoita toteutuksiksi. Kehitt\u00e4j\u00e4n ty\u00f6 on hidasta, p\u00e4\u00e4n ly\u00f6mist\u00e4 sein\u00e4\u00e4n, kokeilua kokeilun per\u00e4\u00e4n. Jossain vaiheessa kuitenkin tulee onnistuminen ja itsess\u00e4\u00e4n ruokkii ideaa eteenp\u00e4in ja toimii polttoaineena tavoitteiden saavuttamiseksi.<\/p>\n\n\n\n<p>Vihdoin olemme tilanteessa jossa valo tunnelin p\u00e4\u00e4ss\u00e4 on sen verran kirkas ett\u00e4 ideasta toteutukseksi on jo laboratoriossa koeponnistettu ja toimivaksi todettu. EIk\u00e4 t\u00e4m\u00e4 j\u00e4\u00e4 t\u00e4h\u00e4n, ideahautomo hautoo ja uusia tavoitteita syntyy &#8211; prosessi on j\u00e4lleen valmis k\u00e4ynnistym\u00e4\u00e4n.<\/p>\n\n\n\n<p id=\"Taustaa\">Niin, meit\u00e4 on nelj\u00e4 kaverusta, jokaisella pitk\u00e4 kokemus omilta teknologia osa-alueiltaan, voimme kirkkain silmin sanoa &#8221;kokemusta l\u00f6ytyy&#8221; v\u00e4h\u00e4n joka kantilta. Ollaan kuulolla, ideamme voivat joskus kuulostaa omituisilta, mutta kaikki t\u00e4ht\u00e4\u00e4 energiatehokkaisiin, toimintavarmoihin ja kustannustehokkaisiin ratkaisuihin &#8211; ja ennen kaikkea kohti v\u00e4h\u00e4hiilisemp\u00e4\u00e4 maailmaa.<\/p>\n\n\n\n<p>Terveisin Juha, Marko, Jari ja Timo<\/p>\n","protected":false},"excerpt":{"rendered":"<p>Vuosi sitten nelj\u00e4 kaverusta p\u00e4\u00e4ttiv\u00e4t toteuttaa jotain, joka mullistaa maailmaa energiaratkaisuiden saralla. N\u00e4in syntyi Frame Power Oy. Kokemusta meilt\u00e4 l\u00f6ytyy jokaiselta vuosikymmenien ajalta s\u00e4hk\u00f6- ja automaatioteknologioista, kylm\u00e4-\/kuumaprosesseista, tietoliikenteest\u00e4 ja tietoturvasta. Ollaan suunniteltu, johdettu projekteja, toteutettu ratkaisuita, oltu asiantuntijoita. Ollaan kierretty maailmaa, n\u00e4hty erilaisia toimintaymp\u00e4rist\u00f6j\u00e4, opittu toimimaan ymp\u00e4rist\u00f6iss\u00e4 kuin ymp\u00e4rist\u00f6iss\u00e4. Pitk\u00e4n ajan pohdintojen ja mietint\u00f6jen j\u00e4lkeen [&hellip;]<\/p>\n","protected":false},"author":1,"featured_media":0,"parent":0,"menu_order":0,"comment_status":"closed","ping_status":"closed","template":"","meta":{"footnotes":""},"class_list":["post-17","page","type-page","status-publish","hentry"],"_links":{"self":[{"href":"https:\/\/www.framepower.fi\/index.php\/wp-json\/wp\/v2\/pages\/17","targetHints":{"allow":["GET"]}}],"collection":[{"href":"https:\/\/www.framepower.fi\/index.php\/wp-json\/wp\/v2\/pages"}],"about":[{"href":"https:\/\/www.framepower.fi\/index.php\/wp-json\/wp\/v2\/types\/page"}],"author":[{"embeddable":true,"href":"https:\/\/www.framepower.fi\/index.php\/wp-json\/wp\/v2\/users\/1"}],"replies":[{"embeddable":true,"href":"https:\/\/www.framepower.fi\/index.php\/wp-json\/wp\/v2\/comments?post=17"}],"version-history":[{"count":4,"href":"https:\/\/www.framepower.fi\/index.php\/wp-json\/wp\/v2\/pages\/17\/revisions"}],"predecessor-version":[{"id":65,"href":"https:\/\/www.framepower.fi\/index.php\/wp-json\/wp\/v2\/pages\/17\/revisions\/65"}],"wp:attachment":[{"href":"https:\/\/www.framepower.fi\/index.php\/wp-json\/wp\/v2\/media?parent=17"}],"curies":[{"name":"wp","href":"https:\/\/api.w.org\/{rel}","templated":true}]}}